{"id":2,"date":"2010-07-08T08:13:23","date_gmt":"2010-07-08T08:13:23","guid":{"rendered":"http:\/\/huams.ffzg.hr\/?page_id=2"},"modified":"2015-10-05T10:12:10","modified_gmt":"2015-10-05T08:12:10","slug":"about","status":"publish","type":"page","link":"https:\/\/www.huams.hr\/?page_id=2","title":{"rendered":"About"},"content":{"rendered":"<p><strong>Hrvatsko udru\u017eenje za ameri\u010dke studije<\/strong> (HUAmS) je nestrana\u010dko i nevladino udru\u017eenje gra\u0111ana koje okuplja sveu\u010dili\u0161ne nastavnike i znanstvenike izvan sveu\u010dili\u0161ta radi znanstvenog i stru\u010dnog istra\u017eivanja i bavljenja ameri\u010dkom knji\u017eevno\u0161\u0107u, kulturom i dru\u0161tvom, stru\u010dnog usavr\u0161avanja mladih amerikanista, predava\u010da i profesora ameri\u010dke knji\u017eevnosti i kulture, te razvijanja svijesti o zna\u010daju ameri\u010dke knji\u017eevnosti, kulture i dru\u0161tva.<\/p>\n<p><strong>Croatian Association for American Studies<\/strong> is a non-partisan, non-profit, and non-governmental association of university scholars and other researchers. The Association supports research in American literature, culture and society, as well as training and specialization of American Studies scholars.<\/p>\n<p style=\"text-align: left;\"><strong>Contact \/ Kontakt:<\/strong><br \/>\nHrvatsko udru\u017eenje za ameri\u010dke studije (HUAmS)<br \/>\nFilozofski fakultet<br \/>\nI. Lu\u010di\u0107a 3<br \/>\nHR-10000 Zagreb<br \/>\nHrvatska \/ Croatia<\/p>\n<p>tel: +385 1 6120060<br \/>\nfax: +385 1 6120234<br \/>\nemail: jsesnic at ffzg.hr<\/p>\n","protected":false},"excerpt":{"rendered":"<p>Hrvatsko udru\u017eenje za ameri\u010dke studije (HUAmS) je nestrana\u010dko i nevladino udru\u017eenje gra\u0111ana koje okuplja sveu\u010dili\u0161ne nastavnike i znanstvenike izvan sveu\u010dili\u0161ta radi znanstvenog i stru\u010dnog istra\u017eivanja i bavljenja ameri\u010dkom knji\u017eevno\u0161\u0107u, kulturom i dru\u0161tvom, stru\u010dnog usavr\u0161avanja mladih amerikanista, predava\u010da i profesora ameri\u010dke knji\u017eevnosti i kulture, te razvijanja svijesti o zna\u010daju ameri\u010dke knji\u017eevnosti, kulture i dru\u0161tva. Croatian Association [&hellip;]<\/p>\n","protected":false},"author":1,"featured_media":0,"parent":0,"menu_order":1,"comment_status":"closed","ping_status":"open","template":"no_sidebars.php","meta":[],"_links":{"self":[{"href":"https:\/\/www.huams.hr\/index.php?rest_route=\/wp\/v2\/pages\/2"}],"collection":[{"href":"https:\/\/www.huams.hr\/index.php?rest_route=\/wp\/v2\/pages"}],"about":[{"href":"https:\/\/www.huams.hr\/index.php?rest_route=\/wp\/v2\/types\/page"}],"author":[{"embeddable":true,"href":"https:\/\/www.huams.hr\/index.php?rest_route=\/wp\/v2\/users\/1"}],"replies":[{"embeddable":true,"href":"https:\/\/www.huams.hr\/index.php?rest_route=%2Fwp%2Fv2%2Fcomments&post=2"}],"version-history":[{"count":12,"href":"https:\/\/www.huams.hr\/index.php?rest_route=\/wp\/v2\/pages\/2\/revisions"}],"predecessor-version":[{"id":340,"href":"https:\/\/www.huams.hr\/index.php?rest_route=\/wp\/v2\/pages\/2\/revisions\/340"}],"wp:attachment":[{"href":"https:\/\/www.huams.hr\/index.php?rest_route=%2Fwp%2Fv2%2Fmedia&parent=2"}],"curies":[{"name":"wp","href":"https:\/\/api.w.org\/{rel}","templated":true}]}}